{"id":490,"date":"2023-01-04T23:01:53","date_gmt":"2023-01-04T22:01:53","guid":{"rendered":"http:\/\/afiz-pah.pl\/?page_id=490"},"modified":"2024-01-02T09:03:28","modified_gmt":"2024-01-02T08:03:28","slug":"tomy-archiwalne-rok-2022","status":"publish","type":"page","link":"https:\/\/konopacka.edu.pl\/?page_id=490","title":{"rendered":"Tomy archiwalne \u2013 Rok 2022"},"content":{"rendered":"\n<hr class=\"wp-block-separator\"\/>\n\n\n\n<h4 class=\"wp-block-heading\"><strong>ROK 2022  &#8211; Tom 17<\/strong><\/h4>\n\n\n\n<hr class=\"wp-block-separator\"\/>\n\n\n\n<p><strong><a href=\"http:\/\/www.wskfit.pl\/PDF\/artykuly\/19\/Hrycyna-22096.pdf\">Ocena sprawno\u015bci fizycznej ch\u0142opc\u00f3w w wieku 10-12 lat<\/a><\/strong><\/p>\n\n\n\n<p><strong>Assessment of physical fitness of boys aged 10-12 years<\/strong><\/p>\n\n\n\n<p><strong><a href=\"http:\/\/www.wskfit.pl\/PDF\/artykuly\/19\/Hrycyna-22096.pdf\">Autor: Mariusz Hrycyna, Sylwia D\u0105browska<\/a>&nbsp;strony 1 \u2013 5<\/strong><\/p>\n\n\n\n<hr class=\"wp-block-separator\"\/>\n\n\n\n<p><strong><a href=\"http:\/\/www.wskfit.pl\/PDF\/artykuly\/19\/Kujawa-22095.pdf\">Sprawno\u015b\u0107 fizyczna uczni\u00f3w klas VI o profilach: og\u00f3lnym i pi\u0142ka no\u017cna<\/a><\/strong><\/p>\n\n\n\n<p><strong>Physical fitness of Grade VI schoolboys attending general or sport- oriented classes<\/strong><\/p>\n\n\n\n<p><strong><a href=\"http:\/\/www.wskfit.pl\/PDF\/artykuly\/19\/Kujawa-22095.pdf\">Autor: Mariusz Hrycyna, \u0141ukasz Kujawa <\/a>strony 7 \u2013 10<\/strong><\/p>\n\n\n\n<hr class=\"wp-block-separator\"\/>\n\n\n\n<p><strong><a href=\"http:\/\/www.wskfit.pl\/PDF\/artykuly\/19\/Sadko-22097X.pdf\">Ocena sprawno\u015b\u0107 fizycznej 11-letnich ch\u0142opc\u00f3w trenuj\u0105cych pi\u0142k\u0119 no\u017cn\u0105 <\/a><\/strong><\/p>\n\n\n\n<p><strong>Physical activity of footbol training boys aged 11 years <\/strong><\/p>\n\n\n\n<p><strong><a href=\"http:\/\/www.wskfit.pl\/PDF\/artykuly\/19\/Sadko-22097X.pdf\">Autor: Mariusz Hrycyna, Tomasz Sadko <\/a>strony 11 \u2013 15<\/strong><\/p>\n\n\n\n<hr class=\"wp-block-separator\"\/>\n\n\n\n<p><strong><a href=\"http:\/\/www.wskfit.pl\/PDF\/artykuly\/19\/Marcinow-22098.pdf\">Wyst\u0119powanie zaburze\u0144 g\u0142osu u nauczycieli<\/a><\/strong><\/p>\n\n\n\n<p><strong>The occurence of voice disordere In teachers<\/strong> <\/p>\n\n\n\n<p><strong><a href=\"http:\/\/www.wskfit.pl\/PDF\/artykuly\/19\/Marcinow-22098.pdf\">Autor: Magdalena Marcin\u00f3w, Ewa Klimek-Piskorz <\/a>strony 17 \u2013 20<\/strong><\/p>\n\n\n\n<hr class=\"wp-block-separator\"\/>\n\n\n\n<p><strong><a href=\"http:\/\/www.wskfit.pl\/PDF\/artykuly\/19\/Klimek-22099.pdf\">Aktywno\u015b\u0107 fizyczna os\u00f3b starszych nauczycieli<\/a><\/strong><\/p>\n\n\n\n<p><strong>Physical activity of the elderly <\/strong> <\/p>\n\n\n\n<p><strong><a href=\"http:\/\/www.wskfit.pl\/PDF\/artykuly\/19\/Klimek-22099.pdf\">Autor: Ewa Klimek-Piskorz <\/a>strony 23 \u2013 31<\/strong><\/p>\n\n\n\n<hr class=\"wp-block-separator\"\/>\n","protected":false},"excerpt":{"rendered":"<p>ROK 2022 &#8211; Tom 17 Ocena sprawno\u015bci fizycznej ch\u0142opc\u00f3w w wieku 10-12 lat Assessment of physical fitness of boys aged 10-12 years Autor: Mariusz Hrycyna, Sylwia D\u0105browska&nbsp;strony 1 \u2013 5 Sprawno\u015b\u0107 fizyczna uczni\u00f3w klas VI o profilach: og\u00f3lnym i pi\u0142ka no\u017cna Physical fitness of Grade VI schoolboys attending general or sport- oriented classes Autor: Mariusz [&hellip;]<\/p>\n","protected":false},"author":1,"featured_media":0,"parent":0,"menu_order":0,"comment_status":"closed","ping_status":"closed","template":"","meta":[],"_links":{"self":[{"href":"https:\/\/konopacka.edu.pl\/index.php?rest_route=\/wp\/v2\/pages\/490"}],"collection":[{"href":"https:\/\/konopacka.edu.pl\/index.php?rest_route=\/wp\/v2\/pages"}],"about":[{"href":"https:\/\/konopacka.edu.pl\/index.php?rest_route=\/wp\/v2\/types\/page"}],"author":[{"embeddable":true,"href":"https:\/\/konopacka.edu.pl\/index.php?rest_route=\/wp\/v2\/users\/1"}],"replies":[{"embeddable":true,"href":"https:\/\/konopacka.edu.pl\/index.php?rest_route=%2Fwp%2Fv2%2Fcomments&post=490"}],"version-history":[{"count":5,"href":"https:\/\/konopacka.edu.pl\/index.php?rest_route=\/wp\/v2\/pages\/490\/revisions"}],"predecessor-version":[{"id":519,"href":"https:\/\/konopacka.edu.pl\/index.php?rest_route=\/wp\/v2\/pages\/490\/revisions\/519"}],"wp:attachment":[{"href":"https:\/\/konopacka.edu.pl\/index.php?rest_route=%2Fwp%2Fv2%2Fmedia&parent=490"}],"curies":[{"name":"wp","href":"https:\/\/api.w.org\/{rel}","templated":true}]}}

<hr class="wp-block-separator"/>



<h4 class="wp-block-heading"><strong>ROK 2022  &#8211; Tom 17</strong></h4>



<hr class="wp-block-separator"/>



<p><strong><a href="http://www.wskfit.pl/PDF/artykuly/19/Hrycyna-22096.pdf">Ocena sprawności fizycznej chłopców w wieku 10-12 lat</a></strong></p>



<p><strong>Assessment of physical fitness of boys aged 10-12 years</strong></p>



<p><strong><a href="http://www.wskfit.pl/PDF/artykuly/19/Hrycyna-22096.pdf">Autor: Mariusz Hrycyna, Sylwia Dąbrowska</a>&nbsp;strony 1 – 5</strong></p>



<hr class="wp-block-separator"/>



<p><strong><a href="http://www.wskfit.pl/PDF/artykuly/19/Kujawa-22095.pdf">Sprawność fizyczna uczniów klas VI o profilach: ogólnym i piłka nożna</a></strong></p>



<p><strong>Physical fitness of Grade VI schoolboys attending general or sport- oriented classes</strong></p>



<p><strong><a href="http://www.wskfit.pl/PDF/artykuly/19/Kujawa-22095.pdf">Autor: Mariusz Hrycyna, Łukasz Kujawa </a>strony 7 – 10</strong></p>



<hr class="wp-block-separator"/>



<p><strong><a href="http://www.wskfit.pl/PDF/artykuly/19/Sadko-22097X.pdf">Ocena sprawność fizycznej 11-letnich chłopców trenujących piłkę nożną </a></strong></p>



<p><strong>Physical activity of footbol training boys aged 11 years </strong></p>



<p><strong><a href="http://www.wskfit.pl/PDF/artykuly/19/Sadko-22097X.pdf">Autor: Mariusz Hrycyna, Tomasz Sadko </a>strony 11 – 15</strong></p>



<hr class="wp-block-separator"/>



<p><strong><a href="http://www.wskfit.pl/PDF/artykuly/19/Marcinow-22098.pdf">Występowanie zaburzeń głosu u nauczycieli</a></strong></p>



<p><strong>The occurence of voice disordere In teachers</strong> </p>



<p><strong><a href="http://www.wskfit.pl/PDF/artykuly/19/Marcinow-22098.pdf">Autor: Magdalena Marcinów, Ewa Klimek-Piskorz </a>strony 17 – 20</strong></p>



<hr class="wp-block-separator"/>



<p><strong><a href="http://www.wskfit.pl/PDF/artykuly/19/Klimek-22099.pdf">Aktywność fizyczna osób starszych nauczycieli</a></strong></p>



<p><strong>Physical activity of the elderly </strong> </p>



<p><strong><a href="http://www.wskfit.pl/PDF/artykuly/19/Klimek-22099.pdf">Autor: Ewa Klimek-Piskorz </a>strony 23 – 31</strong></p>



<hr class="wp-block-separator"/>

<p>ROK 2022 &#8211; Tom 17 Ocena sprawności fizycznej chłopców w wieku 10-12 lat Assessment of physical fitness of boys aged 10-12 years Autor: Mariusz Hrycyna, Sylwia Dąbrowska&nbsp;strony 1 – 5 Sprawność fizyczna uczniów klas VI o profilach: ogólnym i piłka nożna Physical fitness of Grade VI schoolboys attending general or sport- oriented classes Autor: Mariusz [&hellip;]</p>
