{"id":142,"date":"2017-02-20T14:50:08","date_gmt":"2017-02-20T13:50:08","guid":{"rendered":"http:\/\/afiz-pah.pl\/?page_id=142"},"modified":"2017-02-21T21:06:45","modified_gmt":"2017-02-21T20:06:45","slug":"tomy-archiwalne-rok-2016","status":"publish","type":"page","link":"https:\/\/konopacka.edu.pl\/?page_id=142","title":{"rendered":"Tomy archiwalne \u2013 Rok 2016"},"content":{"rendered":"<hr \/>\n<h3><strong>ROK 2016 &#8211; Tom 11<\/strong><\/h3>\n<hr \/>\n<p><a href=\"http:\/\/www.wskfit.pl\/PDF\/artykuly\/16\/Glogowska16026.pdf\"><strong>Antroposkopowa ocena wizerunku cia\u0142a dziewcz\u0105t<img decoding=\"async\" loading=\"lazy\" class=\" wp-image-1421 alignright\" src=\"http:\/\/www.wskfit.pl\/wp-content\/uploads\/2016\/04\/pdf1.jpg\" sizes=\"(max-width: 70px) 100vw, 70px\" srcset=\"http:\/\/www.wskfit.pl\/wp-content\/uploads\/2016\/04\/pdf1.jpg 70w, http:\/\/www.wskfit.pl\/wp-content\/uploads\/2016\/04\/pdf1-50x50.jpg 50w\" alt=\"pdf1\" width=\"50\" height=\"50\" \/><\/strong><\/a><strong>\u00a0<a href=\"http:\/\/www.wskfit.pl\/PDF\/artykuly\/16\/Glogowska16026.pdf\">w wieku 13-15 lat<\/a>\u00a0( strony 1 &#8211; 6 )<\/strong><\/p>\n<p><strong><a href=\"http:\/\/www.wskfit.pl\/PDF\/artykuly\/16\/Glogowska16026.pdf\">Autor: Joanna G\u0142ogowska, Natalia Kasprzyk<\/a><\/strong><\/p>\n<hr \/>\n<p><a href=\"http:\/\/www.wskfit.pl\/PDF\/artykuly\/16\/Kostrzewa16028.pdf\"><strong>Ocena nadwagi i oty\u0142o\u015bci ch\u0142opc\u00f3w w wieku 10-13 lat\u00a0<\/strong><\/a><strong>( strony 7 &#8211; 12 )<\/strong><a href=\"http:\/\/www.wskfit.pl\/PDF\/artykuly\/16\/Kostrzewa16028.pdf\"><strong><img decoding=\"async\" loading=\"lazy\" class=\" wp-image-1421 alignright\" src=\"http:\/\/www.wskfit.pl\/wp-content\/uploads\/2016\/04\/pdf1.jpg\" sizes=\"(max-width: 70px) 100vw, 70px\" srcset=\"http:\/\/www.wskfit.pl\/wp-content\/uploads\/2016\/04\/pdf1.jpg 70w, http:\/\/www.wskfit.pl\/wp-content\/uploads\/2016\/04\/pdf1-50x50.jpg 50w\" alt=\"pdf1\" width=\"50\" height=\"50\" \/><\/strong><\/a><\/p>\n<p><strong><a href=\"http:\/\/www.wskfit.pl\/PDF\/artykuly\/16\/Kostrzewa16028.pdf\">Autor: Kamil Kostrzewa<\/a><\/strong><\/p>\n<hr \/>\n<p><a href=\"http:\/\/www.wskfit.pl\/PDF\/artykuly\/16\/Stupnicki16029.pdf\"><strong>Pomiary i normy antropometrii\u00a0<\/strong><\/a><strong>( strony 13 &#8211; 20 )<\/strong><a href=\"http:\/\/www.wskfit.pl\/PDF\/artykuly\/16\/Stupnicki16029.pdf\"><strong><img decoding=\"async\" loading=\"lazy\" class=\" wp-image-1421 alignright\" src=\"http:\/\/www.wskfit.pl\/wp-content\/uploads\/2016\/04\/pdf1.jpg\" sizes=\"(max-width: 70px) 100vw, 70px\" srcset=\"http:\/\/www.wskfit.pl\/wp-content\/uploads\/2016\/04\/pdf1.jpg 70w, http:\/\/www.wskfit.pl\/wp-content\/uploads\/2016\/04\/pdf1-50x50.jpg 50w\" alt=\"pdf1\" width=\"50\" height=\"50\" \/><\/strong><\/a><\/p>\n<p><strong><a href=\"http:\/\/www.wskfit.pl\/PDF\/artykuly\/16\/Stupnicki16029.pdf\">Autor: Romuald Stupnicki<\/a><\/strong><\/p>\n<hr \/>\n<p><a href=\"http:\/\/www.wskfit.pl\/PDF\/artykuly\/16\/16030Hrycyna.pdf\"><strong>Wizerunek \u0106wiczenia wzmacniaj\u0105ce mi\u0119\u015bnie dna miednicy mniejszej<img decoding=\"async\" loading=\"lazy\" class=\" wp-image-1421 alignright\" src=\"http:\/\/www.wskfit.pl\/wp-content\/uploads\/2016\/04\/pdf1.jpg\" sizes=\"(max-width: 70px) 100vw, 70px\" srcset=\"http:\/\/www.wskfit.pl\/wp-content\/uploads\/2016\/04\/pdf1.jpg 70w, http:\/\/www.wskfit.pl\/wp-content\/uploads\/2016\/04\/pdf1-50x50.jpg 50w\" alt=\"pdf1\" width=\"50\" height=\"50\" \/><\/strong><\/a><strong>\u00a0<a href=\"http:\/\/www.wskfit.pl\/PDF\/artykuly\/16\/16030Hrycyna.pdf\">z wysi\u0142kowym nietrzymaniem moczu<\/a>\u00a0( strony 21 &#8211; 28 )<\/strong><\/p>\n<p><strong><a href=\"http:\/\/www.wskfit.pl\/PDF\/artykuly\/16\/16030Hrycyna.pdf\">Autor: Mariusz Hrycyna, Ewa Strupi\u0144ska-Thor<\/a><\/strong><\/p>\n<hr \/>\n<p><a href=\"http:\/\/www.wskfit.pl\/PDF\/artykuly\/16\/16035Glogowska.pdf\"><strong>Wizerunek cia\u0142a dziewcz\u0105t w wieku 8 \u2013 9 lat\u00a0<\/strong><\/a><strong>( strony 29 &#8211; 34 )<\/strong><a href=\"http:\/\/www.wskfit.pl\/PDF\/artykuly\/16\/16035Glogowska.pdf\"><strong><img decoding=\"async\" loading=\"lazy\" class=\" wp-image-1421 alignright\" src=\"http:\/\/www.wskfit.pl\/wp-content\/uploads\/2016\/04\/pdf1.jpg\" sizes=\"(max-width: 70px) 100vw, 70px\" srcset=\"http:\/\/www.wskfit.pl\/wp-content\/uploads\/2016\/04\/pdf1.jpg 70w, http:\/\/www.wskfit.pl\/wp-content\/uploads\/2016\/04\/pdf1-50x50.jpg 50w\" alt=\"pdf1\" width=\"50\" height=\"50\" \/><\/strong><\/a><\/p>\n<p><strong><a href=\"http:\/\/www.wskfit.pl\/PDF\/artykuly\/16\/16035Glogowska.pdf\">Autor: Joanna G\u0142ogowska, Agnieszka Zatorska<\/a><\/strong><\/p>\n<hr \/>\n<p><a href=\"http:\/\/www.wskfit.pl\/PDF\/artykuly\/16\/16033Wytrebowicz.pdf\"><strong>Ocena utrzymania r\u00f3wnowagi cia\u0142a przez dzieci w wieku 3-5 lat\u00a0<\/strong><\/a><strong>( strony 35 &#8211; 42 )<\/strong><a href=\"http:\/\/www.wskfit.pl\/PDF\/artykuly\/16\/16033Wytrebowicz.pdf\"><strong><img decoding=\"async\" loading=\"lazy\" class=\" wp-image-1421 alignright\" src=\"http:\/\/www.wskfit.pl\/wp-content\/uploads\/2016\/04\/pdf1.jpg\" sizes=\"(max-width: 70px) 100vw, 70px\" srcset=\"http:\/\/www.wskfit.pl\/wp-content\/uploads\/2016\/04\/pdf1.jpg 70w, http:\/\/www.wskfit.pl\/wp-content\/uploads\/2016\/04\/pdf1-50x50.jpg 50w\" alt=\"pdf1\" width=\"50\" height=\"50\" \/><\/strong><\/a><\/p>\n<p><strong><a href=\"http:\/\/www.wskfit.pl\/PDF\/artykuly\/16\/16033Wytrebowicz.pdf\">Autor: Anna Wytr\u0119bowicz<\/a><\/strong><\/p>\n<hr \/>\n<p><a href=\"http:\/\/www.wskfit.pl\/PDF\/artykuly\/16\/16037-Zimek.pdf\"><strong>Wp\u0142yw zm\u0119czenia m\u0142odych koszykarzy na skuteczno\u015b\u0107 rzut\u00f3w wolnych\u00a0<\/strong><\/a><strong>( strony 43 &#8211; 44 )<\/strong><a href=\"http:\/\/www.wskfit.pl\/PDF\/artykuly\/16\/16037-Zimek.pdf\"><strong><img decoding=\"async\" loading=\"lazy\" class=\" wp-image-1421 alignright\" src=\"http:\/\/www.wskfit.pl\/wp-content\/uploads\/2016\/04\/pdf1.jpg\" sizes=\"(max-width: 70px) 100vw, 70px\" srcset=\"http:\/\/www.wskfit.pl\/wp-content\/uploads\/2016\/04\/pdf1.jpg 70w, http:\/\/www.wskfit.pl\/wp-content\/uploads\/2016\/04\/pdf1-50x50.jpg 50w\" alt=\"pdf1\" width=\"50\" height=\"50\" \/><\/strong><\/a><\/p>\n<p><strong><a href=\"http:\/\/www.wskfit.pl\/PDF\/artykuly\/16\/16037-Zimek.pdf\">Autor: Jaros\u0142aw Zimek<\/a><\/strong><\/p>\n<hr \/>\n<p><a href=\"http:\/\/www.wskfit.pl\/PDF\/artykuly\/16\/16034Matuszczak.pdf\"><strong>Ocena realizacji zaj\u0119\u0107 z wychowania fizycznego w klasie autystycznej\u00a0<\/strong><\/a><strong>( strony 45 &#8211; 54 )<\/strong><a href=\"http:\/\/www.wskfit.pl\/PDF\/artykuly\/16\/16034Matuszczak.pdf\"><strong><img decoding=\"async\" loading=\"lazy\" class=\" wp-image-1421 alignright\" src=\"http:\/\/www.wskfit.pl\/wp-content\/uploads\/2016\/04\/pdf1.jpg\" sizes=\"(max-width: 70px) 100vw, 70px\" srcset=\"http:\/\/www.wskfit.pl\/wp-content\/uploads\/2016\/04\/pdf1.jpg 70w, http:\/\/www.wskfit.pl\/wp-content\/uploads\/2016\/04\/pdf1-50x50.jpg 50w\" alt=\"pdf1\" width=\"50\" height=\"50\" \/><\/strong><\/a><\/p>\n<p><strong><a href=\"http:\/\/www.wskfit.pl\/PDF\/artykuly\/16\/16034Matuszczak.pdf\">Autor: Adrianna B. Matuszczak<\/a><\/strong><\/p>\n<hr \/>\n<p><strong><a href=\"http:\/\/www.wskfit.pl\/PDF\/artykuly\/16\/16036-hupalo.pdf\">Wizerunek cia\u0142a aktywnej i nieaktywnej fizycznie m\u0142odzie\u017cy gimnazjalnej ZSP w Goszczynie<\/a>\u00a0( strony 55 &#8211; 60 )<\/strong><a href=\"http:\/\/www.wskfit.pl\/PDF\/artykuly\/16\/16036-hupalo.pdf\"><strong><img decoding=\"async\" loading=\"lazy\" class=\" wp-image-1421 alignright\" src=\"http:\/\/www.wskfit.pl\/wp-content\/uploads\/2016\/04\/pdf1.jpg\" sizes=\"(max-width: 70px) 100vw, 70px\" srcset=\"http:\/\/www.wskfit.pl\/wp-content\/uploads\/2016\/04\/pdf1.jpg 70w, http:\/\/www.wskfit.pl\/wp-content\/uploads\/2016\/04\/pdf1-50x50.jpg 50w\" alt=\"pdf1\" width=\"50\" height=\"50\" \/><\/strong><\/a><\/p>\n<p><strong><a href=\"http:\/\/www.wskfit.pl\/PDF\/artykuly\/16\/16036-hupalo.pdf\">Autor: Anatoliy Hupa\u0142o, Joanna G\u0142ogowska<\/a><\/strong><\/p>\n<hr \/>\n<p><strong><a href=\"http:\/\/www.wskfit.pl\/PDF\/artykuly\/16\/16040-Zarski.pdf\">Wady uk\u0142adu kr\u0105\u017cenia kardiomiopatia przerostowa jako przyczyny nag\u0142ej \u015bmierci sercowej portowc\u00f3w<\/a>\u00a0( strony 61 &#8211; 67 )<\/strong><a href=\"http:\/\/www.wskfit.pl\/PDF\/artykuly\/16\/16040-Zarski.pdf\"><strong><img decoding=\"async\" loading=\"lazy\" class=\" wp-image-1421 alignright\" src=\"http:\/\/www.wskfit.pl\/wp-content\/uploads\/2016\/04\/pdf1.jpg\" sizes=\"(max-width: 70px) 100vw, 70px\" srcset=\"http:\/\/www.wskfit.pl\/wp-content\/uploads\/2016\/04\/pdf1.jpg 70w, http:\/\/www.wskfit.pl\/wp-content\/uploads\/2016\/04\/pdf1-50x50.jpg 50w\" alt=\"pdf1\" width=\"50\" height=\"50\" \/><\/strong><\/a><\/p>\n<p><strong><a href=\"http:\/\/www.wskfit.pl\/PDF\/artykuly\/16\/16040-Zarski.pdf\">Autor: Tadeusz P. \u017barski, Alicja Gor\u0105cy<\/a><\/strong><\/p>\n<hr \/>\n<p><strong><a href=\"http:\/\/www.wskfit.pl\/PDF\/artykuly\/16\/16041-Bartkowska.pdf\">\u015awiadomo\u015b\u0107 \u017cywieniowa m\u0142odzie\u017cy gimnazjalnej w Komorowie<\/a>\u00a0( strony 68 &#8211; 74 )<\/strong><a href=\"http:\/\/www.wskfit.pl\/PDF\/artykuly\/16\/16041-Bartkowska.pdf\"><strong><img decoding=\"async\" loading=\"lazy\" class=\" wp-image-1421 alignright\" src=\"http:\/\/www.wskfit.pl\/wp-content\/uploads\/2016\/04\/pdf1.jpg\" sizes=\"(max-width: 70px) 100vw, 70px\" srcset=\"http:\/\/www.wskfit.pl\/wp-content\/uploads\/2016\/04\/pdf1.jpg 70w, http:\/\/www.wskfit.pl\/wp-content\/uploads\/2016\/04\/pdf1-50x50.jpg 50w\" alt=\"pdf1\" width=\"50\" height=\"50\" \/><\/strong><\/a><\/p>\n<p><strong><a href=\"http:\/\/www.wskfit.pl\/PDF\/artykuly\/16\/16041-Bartkowska.pdf\">Autor: Oliwia Bartkowska, Marcin Bartkowski<\/a><\/strong><\/p>\n<hr \/>\n<p><strong><a href=\"http:\/\/www.wskfit.pl\/PDF\/artykuly\/16\/16032-Hrycyna2.pdf\">Ocena sprawno\u015bci motorycznej os\u00f3b w wieku 55-70 lat za pomoc\u0105 testu FMS<\/a>\u00a0( strony 75 &#8211; 80 )<\/strong><a href=\"http:\/\/www.wskfit.pl\/PDF\/artykuly\/16\/16032-Hrycyna2.pdf\"><strong><img decoding=\"async\" loading=\"lazy\" class=\" wp-image-1421 alignright\" src=\"http:\/\/www.wskfit.pl\/wp-content\/uploads\/2016\/04\/pdf1.jpg\" sizes=\"(max-width: 70px) 100vw, 70px\" srcset=\"http:\/\/www.wskfit.pl\/wp-content\/uploads\/2016\/04\/pdf1.jpg 70w, http:\/\/www.wskfit.pl\/wp-content\/uploads\/2016\/04\/pdf1-50x50.jpg 50w\" alt=\"pdf1\" width=\"50\" height=\"50\" \/><\/strong><\/a><\/p>\n<p><strong><a href=\"http:\/\/www.wskfit.pl\/PDF\/artykuly\/16\/16032-Hrycyna2.pdf\">Autor: Mariusz Hrycyna, Dariusz Czarnecki<\/a><\/strong><\/p>\n<hr \/>\n<p><strong>Lista<\/strong> <strong>recenzent\u00f3w<\/strong><\/p>\n<table style=\"height: 177px;\" width=\"749\">\n<tbody>\n<tr>\n<td colspan=\"4\" width=\"475\">\n<h5><strong>tom 11 (2016)<\/strong><\/h5>\n<\/td>\n<\/tr>\n<tr>\n<td width=\"119\">J. Charzewska<\/td>\n<td width=\"99\">A. Kuk<\/td>\n<td width=\"138\">E. Niedzielska<\/td>\n<td width=\"119\">E. Strupi\u0144ska-Thor<\/td>\n<\/tr>\n<tr>\n<td width=\"119\">S. Dobosz<\/td>\n<td width=\"99\">A. Le\u015b<\/td>\n<td width=\"138\">E. Olszewska<\/td>\n<td width=\"119\">Z. Szot<\/td>\n<\/tr>\n<tr>\n<td width=\"119\">A. Gor\u0105cy<\/td>\n<td width=\"99\">M. Lichota<\/td>\n<td width=\"138\">J. Piotrowska<\/td>\n<td width=\"119\">A. Szyma\u0144ski<\/td>\n<\/tr>\n<tr>\n<td width=\"119\">M. Kisiel<\/td>\n<td width=\"99\">K. Mazurek<\/td>\n<td width=\"138\">H. Pop\u0142awska<\/td>\n<td width=\"119\">P. Tomaszewski<\/td>\n<\/tr>\n<tr>\n<td width=\"119\">E. Kozdro\u0144<\/td>\n<td width=\"99\">K. Milde<\/td>\n<td width=\"138\">E. Sienkiewicz-Dianzenza<\/td>\n<td width=\"119\"><\/td>\n<\/tr>\n<\/tbody>\n<\/table>\n<hr \/>\n<p>&nbsp;<\/p>\n","protected":false},"excerpt":{"rendered":"<p>ROK 2016 &#8211; Tom 11 Antroposkopowa ocena wizerunku cia\u0142a dziewcz\u0105t\u00a0w wieku 13-15 lat\u00a0( strony 1 &#8211; 6 ) Autor: Joanna G\u0142ogowska, Natalia Kasprzyk Ocena nadwagi i oty\u0142o\u015bci ch\u0142opc\u00f3w w wieku 10-13 lat\u00a0( strony 7 &#8211; 12 ) Autor: Kamil Kostrzewa Pomiary i normy antropometrii\u00a0( strony 13 &#8211; 20 ) Autor: Romuald Stupnicki Wizerunek \u0106wiczenia wzmacniaj\u0105ce [&hellip;]<\/p>\n","protected":false},"author":1,"featured_media":0,"parent":0,"menu_order":0,"comment_status":"closed","ping_status":"closed","template":"","meta":[],"_links":{"self":[{"href":"https:\/\/konopacka.edu.pl\/index.php?rest_route=\/wp\/v2\/pages\/142"}],"collection":[{"href":"https:\/\/konopacka.edu.pl\/index.php?rest_route=\/wp\/v2\/pages"}],"about":[{"href":"https:\/\/konopacka.edu.pl\/index.php?rest_route=\/wp\/v2\/types\/page"}],"author":[{"embeddable":true,"href":"https:\/\/konopacka.edu.pl\/index.php?rest_route=\/wp\/v2\/users\/1"}],"replies":[{"embeddable":true,"href":"https:\/\/konopacka.edu.pl\/index.php?rest_route=%2Fwp%2Fv2%2Fcomments&post=142"}],"version-history":[{"count":10,"href":"https:\/\/konopacka.edu.pl\/index.php?rest_route=\/wp\/v2\/pages\/142\/revisions"}],"predecessor-version":[{"id":160,"href":"https:\/\/konopacka.edu.pl\/index.php?rest_route=\/wp\/v2\/pages\/142\/revisions\/160"}],"wp:attachment":[{"href":"https:\/\/konopacka.edu.pl\/index.php?rest_route=%2Fwp%2Fv2%2Fmedia&parent=142"}],"curies":[{"name":"wp","href":"https:\/\/api.w.org\/{rel}","templated":true}]}}